{"id":6,"date":"2018-02-02T06:04:15","date_gmt":"2018-02-02T06:04:15","guid":{"rendered":"http:\/\/localhost\/leadgen\/?page_id=2"},"modified":"2025-02-04T11:41:35","modified_gmt":"2025-02-04T10:41:35","slug":"home","status":"publish","type":"page","link":"https:\/\/ft-ag.ch\/fenster-basel\/","title":{"rendered":"Home"},"content":{"rendered":"<p><section id=\"feature-wrap\" data-kc-fullwidth=\"row\" class=\"kc-elm kc-css-935957 kc_row\"><div class=\"kc-row-container  kc-container\"><div class=\"kc-wrap-columns\"><div class=\"kc-elm kc-css-678422 kc_col-sm-12 kc_column kc_col-sm-12\"><div class=\"kc-col-container\"><div class=\"kc-elm kc-css-216334\"><div class=\"row\">\r\n\t\t\t\t\t\t<div class=\"col-xs-12\">\r\n\t\t\t\t\t\t\t<div class=\"featured-header text-center\">\r\n\t\t\t\t\t\t\t\t<h3 class=\"section-title\">L\u00dcFTEN SIE MAL DURCH!<\/h3>\r\n\t\t\t\t\t\t\t\t<p class=\"section-subtitle\">3 Gr\u00fcnde warum Sie Ihre Fenster<br> mit uns planen sollten.<\/p>\r\n\t\t\t\t\t\t\t<\/div>\r\n\t\t\t\t\t\t<\/div>\r\n\t\t\t\t\t<\/div>\r\n\t\t\t\t\t<div class=\"features\"><div class=\"feature-item\" itemscope itemtype=\"http:\/\/schema.org\/LocationFeatureSpecification\"><div class=\"feature-icon\"><i class=\"fa fa-chevron-right\"><\/i><\/div><div class=\"feature-body\"><h4 class=\"feature-name\" itemprop=\"name\">\u201eSWISS MADE\u201c FENSTER<\/h4><p class=\"feature-text\" itemprop=\"description\">Hochmoderne Schweizer Fenster Produktion.<br>Qualit\u00e4t die pr\u00e4gt dank \u201eSwiss Made\u201c.<\/p><\/div><div class=\"clearfix\"><\/div><\/div><div class=\"feature-item\" itemscope itemtype=\"http:\/\/schema.org\/LocationFeatureSpecification\"><div class=\"feature-icon\"><i class=\"fa fa-chevron-right\"><\/i><\/div><div class=\"feature-body\"><h4 class=\"feature-name\" itemprop=\"name\">TOP PREIS- LEISTUNGSVERH\u00c4LTNIS<\/h4><p class=\"feature-text\" itemprop=\"description\">Hohe Energie Effizienz besiegelt durch Minergie<br>Zertifikate und Energieetikette zu Top Preisen.<\/p><\/div><div class=\"clearfix\"><\/div><\/div><div class=\"feature-item\" itemscope itemtype=\"http:\/\/schema.org\/LocationFeatureSpecification\"><div class=\"feature-icon\"><i class=\"fa fa-chevron-right\"><\/i><\/div><div class=\"feature-body\"><h4 class=\"feature-name\" itemprop=\"name\">ENGAGEMENT MIT HERZBLUT<\/h4><p class=\"feature-text\" itemprop=\"description\">Bei uns treffen Sie auf ein flexibles, reaktionsschnelles Team, dass sich mit Engagement und Herzblut f\u00fcr Sie einsetzt.<\/p><\/div><div class=\"clearfix\"><\/div><\/div><\/div><\/div><div class=\"kc-elm kc-css-215529\" style=\"height: 61px; clear: both; width:100%;\"><\/div><div class=\"text-center kc-elm kc-css-999924\"><a class=\"btn\" data-toggle=\"modal\" data-target=\"#leadGen\">JETZT BERATEN<\/a><\/div><\/div><\/div><\/div><\/div><\/section><section data-kc-fullwidth=\"content\" class=\"kc-elm kc-css-738350 kc_row\"><div class=\"kc-row-container\"><div class=\"kc-wrap-columns\"><div class=\"kc-elm kc-css-222149 kc_col-sm-12 kc_column kc_col-sm-12\"><div class=\"kc-col-container\"><div class=\"sideimg-features rightimg-style\">\r\n\t\t\t\t\t\t<div class=\"sideimg-content-part\">\r\n\t\t\t\t\t\t\t<div class=\"sideimg-content\"><div class=\"kc-elm kc-css-9265\"><div class=\"section-header\">\r\n\t\t\t\t\t\t<div class=\"section-icon\">\r\n\t\t\t\t\t\t\t<i class=\"fa fa-anchor\"><\/i>\r\n\t\t\t\t\t\t<\/div>\r\n\t\t\t\t\t\t<div class=\"section-heading\">\r\n\t\t\t\t\t\t\t<h3 class=\"section-title\">SCH\u00d6NE AUSSICHTEN<\/h3>\r\n\t\t\t\t\t\t\t<p class=\"section-subtitle\">Fenster in der Region Basel<\/p>\r\n\t\t\t\t\t\t<\/div>\r\n\t\t\t\t\t\t<div class=\"clearfix\"><\/div>\r\n\t\t\t\t\t<\/div><\/div><div class=\"kc-elm kc-css-981624 kc_text_block\"><\/p>\n<p>\nAnker gesetzt \u2013 Ab 1. Februar 2018 sind wir nun auch in der Region Basel als Ihr leistungsstarker und moderner Anbieter verankert \u2013 f\u00fcr Fenster, Hebe-Schiebet\u00fcren und Haust\u00fcren aus Kunststoff in allen Formen und Variationen.<\/p>\n<p>Kundenn\u00e4he und Vertrauen ist uns wichtig \u2013 darum sind wir nun vor Ort \u2013 von der Beratung und Planung, \u00fcber die Ausf\u00fchrung bis zum Service. Profitieren Sie jetzt von der hohen Qualit\u00e4t, Innovationskraft und Nachhaltigkeit unserer Kunststoff-Fenster. Unser Leitbild pr\u00e4gt sich durch die Aussage:<\/p>\n<h5>\u201eP\u00fcnktlich \u2013 sauber \u2013 fertig\u201c<\/h5>\n<p>Um dieser Philosophie noch st\u00e4rker Rechnung zu tragen, sind wir nun mit unserem neuen Verkaufsstandort in Duggingen im Raum Basel durch unseren Kundenberater Rolf St\u00f6ckli vor Ort. Nutzen sie die Gelegenheit f\u00fcr eine schnelle und kompetente Beratung!<\/p>\n<p>\n<\/div><div class=\"clearfix\"><\/div><\/div>\r\n\t\t\t\t\t\t<\/div>\r\n\t\t\t\t\t\t<div class=\"sideimg-image-part\">\r\n\t\t\t\t\t\t\t<div class=\"sideimg-image\" style=\"background-image: url('https:\/\/ft-ag.ch\/fenster-basel\/wp-content\/uploads\/2018\/02\/fensterbau-basel-01.jpg');\"><\/div>\r\n\t\t\t\t\t\t<\/div>\r\n\t\t\t\t\t\t<div class=\"clearfix\"><\/div>\r\n\t\t\t\t\t<\/div><div class=\"sideimg-features leftimg-style\">\r\n\t\t\t\t\t\t<div class=\"sideimg-content-part\">\r\n\t\t\t\t\t\t\t<div class=\"sideimg-content\"><div class=\"kc-elm kc-css-153318\"><div class=\"section-header\">\r\n\t\t\t\t\t\t<div class=\"section-icon\">\r\n\t\t\t\t\t\t\t<i class=\"fa fa-trophy\"><\/i>\r\n\t\t\t\t\t\t<\/div>\r\n\t\t\t\t\t\t<div class=\"section-heading\">\r\n\t\t\t\t\t\t\t<h3 class=\"section-title\">SCHLANKES DESIGN<\/h3>\r\n\t\t\t\t\t\t\t<p class=\"section-subtitle\">\u00dcberzeugt in der Architektur<\/p>\r\n\t\t\t\t\t\t<\/div>\r\n\t\t\t\t\t\t<div class=\"clearfix\"><\/div>\r\n\t\t\t\t\t<\/div><\/div><div class=\"kc-elm kc-css-321643 kc_text_block\"><\/p>\n<div id=\"wrapper\">\n<div id=\"content-menu_wrap\">\n<div id=\"container-1columns1\">\n<div id=\"content-1column\">\n<article class=\"item-page\">Fenster beeinflussen wie kaum ein anderes Element die architektonische Gestaltung und haben gleichzeitig einen erheblichen Einfluss auf die energetische Effizienz eines Geb\u00e4udes. Das gilt sowohl bei der Renovierung von Altbauten als auch beim Neubau eines Hauses.Was z\u00e4hlt, ist ein Fenstersystem, das diesen Anspr\u00fcchen gerecht wird und dennoch die Gestaltungsw\u00fcnsche innovativer Architektur erf\u00fcllt. Bei\u00a0uns erhalten Sie massgeschneiderte Fensterl\u00f6sungen.<\/p>\n<p>Unsere Produkte sind stets auf dem neuesten Stand der Technik und stammen aus eigener Schweizer Produktion. Durch unser modernes, eigent\u00fcmergef\u00fchrtes Werk in Oensingen sind wir flexibel in Termin, Ausf\u00fchrung und Service. Preisgarantie, kurze Lieferzeiten, Termintreue und ein verl\u00e4sslicher Fensterservice schaffen unseren Kunden seit jeher entscheidende Vorteile.<\/p>\n<\/article>\n<\/div>\n<\/div>\n<\/div>\n<\/div>\n<p>\n<\/div><div class=\"clearfix\"><\/div><\/div>\r\n\t\t\t\t\t\t<\/div>\r\n\t\t\t\t\t\t<div class=\"sideimg-image-part\">\r\n\t\t\t\t\t\t\t<div class=\"sideimg-image\" style=\"background-image: url('https:\/\/ft-ag.ch\/fenster-basel\/wp-content\/uploads\/2018\/02\/fensterbau-basel-02.jpg');\"><\/div>\r\n\t\t\t\t\t\t<\/div>\r\n\t\t\t\t\t\t<div class=\"clearfix\"><\/div>\r\n\t\t\t\t\t<\/div><\/div><\/div><\/div><\/div><\/section><section data-kc-fullwidth=\"content\" class=\"kc-elm kc-css-561459 kc_row\"><div class=\"kc-row-container\"><div class=\"kc-wrap-columns\"><div class=\"kc-elm kc-css-297810 kc_col-sm-12 kc_column kc_col-sm-12\"><div class=\"kc-col-container\"><div class=\"kc-elm kc-css-246120\"><div id=\"blockquote-wrap\" class=\"blockquote-wrap\" style=\"padding: 160px 0 110px;\"><div class=\"container\"><div class=\"blockquote-inner\">\n\t\t\t\t\t\t<div class=\"blockquote-carousel owl-carousel\"><blockquote itemscope itemtype=\"http:\/\/schema.org\/Review\"><span itemprop=\"reviewBody\">FT Fenstertechnik ist seit Jahrzenten Ihr zuverl\u00e4ssiger Partner in der Nordwestschweiz und im Mittelland.<\/span><\/blockquote><blockquote itemscope itemtype=\"http:\/\/schema.org\/Review\"><span itemprop=\"reviewBody\">Schweizer Qualit\u00e4t die pr\u00e4gt - \"Swiss Made\". Professionelle Dienstleistungen, hochmoderne Produktionstechnologie mit Standort Schweiz. \u00dcberzeugen Sie sich!<\/span><\/blockquote><\/div><div class=\"blockquote-cta\">\n\t\t\t\t\t\t\t\t<a class=\"btn btn-primary\" data-toggle=\"modal\" data-target=\"#leadGen\">JETZT BERATEN<\/a>\n\t\t\t\t\t\t\t<\/div><\/div><\/div><\/div><\/div><style>.blockquote-inner:after {bottom: 60px; }<\/style><\/div><\/div><\/div><\/div><\/section><section class=\"kc-elm kc-css-808262 kc_row\"><div class=\"kc-row-container  kc-container\"><div class=\"kc-wrap-columns\"><div class=\"kc-elm kc-css-515673 kc_col-sm-12 kc_column kc_col-sm-12\"><div class=\"kc-col-container\"><div class=\"kc-elm kc-css-77367\"><div class=\"section-header\">\r\n\t\t\t\t\t\t<div class=\"section-icon\">\r\n\t\t\t\t\t\t\t<i class=\"fa fa-rocket\"><\/i>\r\n\t\t\t\t\t\t<\/div>\r\n\t\t\t\t\t\t<div class=\"section-heading\">\r\n\t\t\t\t\t\t\t<h3 class=\"section-title\">IHRE VORTEILE - IHR GEWINN<\/h3>\r\n\t\t\t\t\t\t\t<p class=\"section-subtitle\">Was wollen Sie noch mehr?<\/p>\r\n\t\t\t\t\t\t<\/div>\r\n\t\t\t\t\t\t<div class=\"clearfix\"><\/div>\r\n\t\t\t\t\t<\/div><\/div><div class=\"kc-elm kc-css-644854\"><div class=\"row\">\r\n\t\t\t\t\t\t<div class=\"advantage-carousel owl-carousel\"><div class=\"advantage-item\" itemscope itemtype=\"http:\/\/schema.org\/LocationFeatureSpecification\">\r\n\t\t\t\t\t\t\t\t\t\t\t<div class=\"advantage-header\">\r\n\t\t\t\t\t\t\t\t\t\t\t\t<h4 class=\"advantage-title\">VORTEIL 1<\/h4>\r\n\t\t\t\t\t\t\t\t\t\t\t\t<p class=\"advantage-subtitle\" itemprop=\"name\">Qualit\u00e4t die z\u00e4hlt<\/p>\r\n\t\t\t\t\t\t\t\t\t\t\t<\/div>\r\n\t\t\t\t\t\t\t\t\t\t\t<div class=\"advantage-thumb\">\r\n\t\t\t\t\t\t\t\t\t\t\t\t<img decoding=\"async\" itemprop=\"photo\" class=\"img-responsive\" src=\"https:\/\/ft-ag.ch\/fenster-basel\/wp-content\/uploads\/2018\/02\/swiss_made.jpg\" alt=\"VORTEIL 1\">\r\n\t\t\t\t\t\t\t\t\t\t\t<\/div>\r\n\t\t\t\t\t\t\t\t\t\t\t<p class=\"advantage-text\" itemprop=\"description\">Bei uns z\u00e4hlt Schweizer Qualit\u00e4t. Professionelle Dienstleistungen, hochmoderne Produktions-technologie mit Standort Schweiz. \u00dcberzeugen Sie sich.<\/p>\r\n\t\t\t\t\t\t\t\t\t\t<\/div><div class=\"advantage-item\" itemscope itemtype=\"http:\/\/schema.org\/LocationFeatureSpecification\">\r\n\t\t\t\t\t\t\t\t\t\t\t<div class=\"advantage-header\">\r\n\t\t\t\t\t\t\t\t\t\t\t\t<h4 class=\"advantage-title\">VORTEIL 2<\/h4>\r\n\t\t\t\t\t\t\t\t\t\t\t\t<p class=\"advantage-subtitle\" itemprop=\"name\">In der Region<\/p>\r\n\t\t\t\t\t\t\t\t\t\t\t<\/div>\r\n\t\t\t\t\t\t\t\t\t\t\t<div class=\"advantage-thumb\">\r\n\t\t\t\t\t\t\t\t\t\t\t\t<img decoding=\"async\" itemprop=\"photo\" class=\"img-responsive\" src=\"https:\/\/ft-ag.ch\/fenster-basel\/wp-content\/uploads\/2018\/02\/in_der_region_basel.jpg\" alt=\"VORTEIL 2\">\r\n\t\t\t\t\t\t\t\t\t\t\t<\/div>\r\n\t\t\t\t\t\t\t\t\t\t\t<p class=\"advantage-text\" itemprop=\"description\">Kundenn\u00e4he und Vertrauen ist uns wichtig \u2013 darum sind wir nun vor Ort \u2013 von der Beratung und Planung, \u00fcber die Ausf\u00fchrung bis zum Service.<\/p>\r\n\t\t\t\t\t\t\t\t\t\t<\/div><div class=\"advantage-item\" itemscope itemtype=\"http:\/\/schema.org\/LocationFeatureSpecification\">\r\n\t\t\t\t\t\t\t\t\t\t\t<div class=\"advantage-header\">\r\n\t\t\t\t\t\t\t\t\t\t\t\t<h4 class=\"advantage-title\">VORTEIL 3<\/h4>\r\n\t\t\t\t\t\t\t\t\t\t\t\t<p class=\"advantage-subtitle\" itemprop=\"name\">Energie Effizienz<\/p>\r\n\t\t\t\t\t\t\t\t\t\t\t<\/div>\r\n\t\t\t\t\t\t\t\t\t\t\t<div class=\"advantage-thumb\">\r\n\t\t\t\t\t\t\t\t\t\t\t\t<img decoding=\"async\" itemprop=\"photo\" class=\"img-responsive\" src=\"https:\/\/ft-ag.ch\/fenster-basel\/wp-content\/uploads\/2018\/02\/energie_a.jpg\" alt=\"VORTEIL 3\">\r\n\t\t\t\t\t\t\t\t\t\t\t<\/div>\r\n\t\t\t\t\t\t\t\t\t\t\t<p class=\"advantage-text\" itemprop=\"description\">Unsere Fenster erf\u00fcllen die hohen Anforderungen an Energie Effizienz deutlich. Mit unseren Zertifizierungen unterst\u00fctzen wir verantwortungvolles Bauen.<\/p>\r\n\t\t\t\t\t\t\t\t\t\t<\/div><\/div>\r\n\t\t\t\t<\/div><\/div><\/div><\/div><\/div><\/div><\/section><section class=\"kc-elm kc-css-230504 kc_row\"><div class=\"kc-row-container  kc-container\"><div class=\"kc-wrap-columns\"><div class=\"kc-elm kc-css-160704 kc_col-sm-12 kc_column kc_col-sm-12\"><div class=\"kc-col-container\"><div class=\"kc-elm kc-css-123718\"><div class=\"section-icon\">\r\n\t\t\t\t\t\t<i class=\"fa fa-users\"><\/i>\r\n\t\t\t\t\t<\/div>\r\n\t\t\t\t\t<div class=\"section-body\">\r\n\t\t\t\t\t\t<div class=\"section-header\">\r\n\t\t\t\t\t\t\t<div class=\"section-heading\">\r\n\t\t\t\t\t\t\t\t<h3 class=\"section-title\">Vertrauen verbindet<\/h3>\r\n\t\t\t\t\t\t\t\t<p class=\"section-subtitle\">Mehr Partnerschaft<\/p>\r\n\t\t\t\t\t\t\t<\/div>\r\n\t\t\t\t\t\t\t<div class=\"clearfix\"><\/div>\r\n\t\t\t\t\t\t<\/div>\r\n\t\t\t\t\t\t<div class=\"section-content\"><div class=\"kc-elm kc-css-829802 kc_text_block\"><\/p>\n<p>\nMehr Produkt \u2013 mehr Service \u2013 mehr Partnerschaft. Wir praktizieren immer einen fairen Umgang mit unseren Direktkunden, Architekten und Wiederverk\u00e4ufern. Diese Maxime gilt in Hinsicht auf die schnelle und kompetente Beratung und Angebotserstellung, Termintreue bei der Ausf\u00fchrung und Kulanz nach Auftragsabschluss. Unsere Arbeit ist gepr\u00e4gt durch das Bewusstsein, Umwelt und Ressourcen zu schonen. Der Kunde steht f\u00fcr uns im Mittelpunkt!<\/p>\n<p>\n<\/div><div class=\"kc-elm kc-css-23979\" style=\"height: 20px; clear: both; width:100%;\"><\/div><div class=\"text-left kc-elm kc-css-64970\"><a class=\"btn\" data-toggle=\"modal\" data-target=\"#leadGen\">JETZT BERATEN<\/a><\/div><\/div>\r\n\t\t\t\t\t<\/div>\r\n\t\t\t\t\t<div class=\"clearfix\"><\/div><\/div><\/div><\/div><\/div><\/div><\/section><section data-kc-fullwidth=\"row\" class=\"kc-elm kc-css-283881 kc_row\"><div class=\"kc-row-container  kc-container\"><div class=\"kc-wrap-columns\"><div class=\"kc-elm kc-css-392272 kc_col-sm-12 kc_column kc_col-sm-12\"><div class=\"kc-col-container\"><div class=\"kc-elm kc-css-516841\"><div class=\"big-slider owl-carousel\"><div class=\"big-slider-item\"><div class=\"big-slider-content\">\r\n\t\t\t\t\t\t\t\t<h3 class=\"big-slider-title\">Schon gewusst?<\/h3>\r\n\t\t\t\t\t\t\t\t<p class=\"big-slider-subtitle\">\u201eJetzt auch in der Region Basel\u201c FT Kunststoff-Fenster und -Haust\u00fcren aus eigener Produktion.<\/p>\r\n\t\t\t\t\t\t\t<\/div><\/div><div class=\"big-slider-item\"><div class=\"big-slider-content\">\r\n\t\t\t\t\t\t\t\t<h3 class=\"big-slider-title\">Gute Fenstermacher machen gute Fenster<\/h3>\r\n\t\t\t\t\t\t\t\t<p class=\"big-slider-subtitle\">Unsere Produkte sind stets auf dem neuesten Stand der Technik und stammen aus eigener Schweizer Produktion.<\/p>\r\n\t\t\t\t\t\t\t<\/div><\/div><div class=\"big-slider-item\"><div class=\"big-slider-content\">\r\n\t\t\t\t\t\t\t\t<h3 class=\"big-slider-title\">Sch\u00f6ne News!<\/h3>\r\n\t\t\t\t\t\t\t\t<p class=\"big-slider-subtitle\">Die \u00fcber 35-j\u00e4hrige Partnerschaft zu unserem Systemlieferanten K\u00d6MMERLING sichert eine gleichbleibend hohe Qualit\u00e4t,<\/p>\r\n\t\t\t\t\t\t\t<\/div><\/div><\/div><\/div><\/div><\/div><\/div><\/div><\/section><section class=\"kc-elm kc-css-797297 kc_row\"><div class=\"kc-row-container  kc-container\"><div class=\"kc-wrap-columns\"><div class=\"kc-elm kc-css-541967 kc_col-sm-12 kc_column kc_col-sm-12\"><div class=\"kc-col-container\"><div class=\"kc-elm kc-css-383079\"><div class=\"section-icon\">\r\n\t\t\t\t\t\t<i class=\"fa fa-video-camera\"><\/i>\r\n\t\t\t\t\t<\/div>\r\n\t\t\t\t\t<div class=\"section-body\">\r\n\t\t\t\t\t\t<div class=\"section-header\">\r\n\t\t\t\t\t\t\t<div class=\"section-heading\">\r\n\t\t\t\t\t\t\t\t<h3 class=\"section-title\">SCHAUEN SIE MAL REIN<\/h3>\r\n\t\t\t\t\t\t\t\t<p class=\"section-subtitle\">Wir stellen uns vor<\/p>\r\n\t\t\t\t\t\t\t<\/div>\r\n\t\t\t\t\t\t\t<div class=\"clearfix\"><\/div>\r\n\t\t\t\t\t\t<\/div>\r\n\t\t\t\t\t\t<div class=\"section-content\"><div class=\"kc-elm kc-css-669865 kc_text_block\"><\/p>\n<div id=\"wrapper\">\n<div id=\"content-menu_wrap\">\n<div id=\"container-rightmenu-right\">\n<div id=\"container-rightmenu-content\">\n<div id=\"rightmenu\">\n<div class=\"moduletable\">\n<div class=\"custom\">\n<p>Schauen Sie hinter\u00a0die Kulissen der FT Fenstertechnik. Wir zeigen Ihnen unsere Arbeitsprozesse von der Planung bis zur Ausf\u00fchrung.<\/p>\n<\/div>\n<\/div>\n<\/div>\n<\/div>\n<\/div>\n<\/div>\n<\/div>\n<p>\n<\/div><div class=\"kc-elm kc-css-745270\" style=\"height: 20px; clear: both; width:100%;\"><\/div>\n\t<div class=\"kc-elm kc-css-687161 kc_shortcode kc_video_play kc_video_wrapper\" data-video=\"https:\/\/vimeo.com\/162100268\" data-width=\"600\" data-height=\"338.98305084746\" data-fullwidth=\"yes\" data-autoplay=\"\" data-loop=\"yes\" data-control=\"yes\" data-related=\"\" data-showinfo=\"\" data-kc-video-mute=\"\">\n\t\t\t<\/div>\n\n<\/div>\r\n\t\t\t\t\t<\/div>\r\n\t\t\t\t\t<div class=\"clearfix\"><\/div><\/div><\/div><\/div><\/div><\/div><\/section><section class=\"kc-elm kc-css-985921 kc_row\"><div class=\"kc-row-container  kc-container\"><div class=\"kc-wrap-columns\"><div class=\"kc-elm kc-css-43898 kc_col-sm-12 kc_column kc_col-sm-12\"><div class=\"kc-col-container\"><div class=\"kc-elm kc-css-385274\"><div class=\"section-header\">\r\n\t\t\t\t\t\t<div class=\"section-icon\">\r\n\t\t\t\t\t\t\t<i class=\"fa fa-question\"><\/i>\r\n\t\t\t\t\t\t<\/div>\r\n\t\t\t\t\t\t<div class=\"section-heading\">\r\n\t\t\t\t\t\t\t<h3 class=\"section-title\">NOCH NICHT \u00dcBERZEUGT?<\/h3>\r\n\t\t\t\t\t\t\t<p class=\"section-subtitle\">Pers\u00f6nlich beraten bringt was.<\/p>\r\n\t\t\t\t\t\t<\/div>\r\n\t\t\t\t\t\t<div class=\"clearfix\"><\/div>\r\n\t\t\t\t\t<\/div><\/div><\/div><\/div><\/div><\/div><\/section><section data-kc-fullwidth=\"row\" class=\"kc-elm kc-css-61439 kc_row\"><div class=\"kc-row-container  kc-container\"><div class=\"kc-wrap-columns\"><div class=\"kc-elm kc-css-423573 kc_col-sm-4 kc_column kc_col-sm-4\"><div class=\"kc-col-container\"><div class=\"kc-elm kc-css-799320 kc_shortcode kc_single_image\">\n\n        <img decoding=\"async\" src=\"https:\/\/ft-ag.ch\/fenster-basel\/wp-content\/uploads\/2025\/02\/sandro_diem-1.jpg\" class=\"img-responsive\" alt=\"\" \/>    <\/div>\n<\/div><\/div><div class=\"kc-elm kc-css-404935 kc_col-sm-8 kc_column kc_col-sm-8\"><div class=\"kc-col-container\"><div class=\"kc-elm kc-css-396046\" style=\"height: 70px; clear: both; width:100%;\"><\/div><div class=\"kc-elm kc-css-989591\"><div class=\"section-header\">\r\n\t\t\t\t\t\t<div class=\"section-icon\">\r\n\t\t\t\t\t\t\t<i class=\"fa fa-user\"><\/i>\r\n\t\t\t\t\t\t<\/div>\r\n\t\t\t\t\t\t<div class=\"section-heading\">\r\n\t\t\t\t\t\t\t<h3 class=\"section-title\">SANDRO DIEM<\/h3>\r\n\t\t\t\t\t\t\t<p class=\"section-subtitle\">Kundenberater Region Basel<\/p>\r\n\t\t\t\t\t\t<\/div>\r\n\t\t\t\t\t\t<div class=\"clearfix\"><\/div>\r\n\t\t\t\t\t<\/div><\/div><div class=\"kc-elm kc-css-605655\"><div class=\"contact-content\" itemscope itemtype=\"http:\/\/schema.org\/Person\"><p itemprop=\"description\">Mein Name ist Sandro Diem. Ich bin Ihr pers\u00f6nlicher Ansprechpartner f\u00fcr die Region Basel. Kontaktieren Sie mich f\u00fcr eine unverbindliche Beratung oder Offerte.<\/p><div class=\"contact-items\"><p><span itemprop=\"telephone\">062 388 32 80<\/span><\/p><p><a itemprop=\"email\" href=\"mailto:sandro.diem@ft-ag.ch\">sandro.diem@ft-ag.ch<\/a><\/p><\/div>\r\n                    <\/div><\/div><div class=\"kc-elm kc-css-555936\" style=\"height: 40px; clear: both; width:100%;\"><\/div><div class=\"text-left kc-elm kc-css-11416\"><a class=\"btn\" data-toggle=\"modal\" data-target=\"#leadGen\">JETZT BERATEN<\/a><\/div><\/div><\/div><\/div><\/div><\/section><section class=\"kc-elm kc-css-264921 kc_row\"><div class=\"kc-row-container  kc-container\"><div class=\"kc-wrap-columns\"><div class=\"kc-elm kc-css-556308 kc_col-sm-12 kc_column kc_col-sm-12\"><div class=\"kc-col-container\"><div class=\"kc-elm kc-css-159327\"><div class=\"section-icon\">\r\n\t\t\t\t\t\t<i class=\"fa fa-users\"><\/i>\r\n\t\t\t\t\t<\/div>\r\n\t\t\t\t\t<div class=\"section-body\">\r\n\t\t\t\t\t\t<div class=\"section-header\">\r\n\t\t\t\t\t\t\t<div class=\"section-heading\">\r\n\t\t\t\t\t\t\t\t<h3 class=\"section-title\">Impressum & Datenschutz<\/h3>\r\n\t\t\t\t\t\t\t\t<p class=\"section-subtitle\">Sicher sein<\/p>\r\n\t\t\t\t\t\t\t<\/div>\r\n\t\t\t\t\t\t\t<div class=\"clearfix\"><\/div>\r\n\t\t\t\t\t\t<\/div>\r\n\t\t\t\t\t\t<div class=\"section-content\"><div class=\"kc-elm kc-css-295359 kc_text_block\"><\/p>\n<p><span style=\"color: rgb(34, 34, 34); font-family: Ubuntu, sans-serif; font-size: 16px; font-style: normal; font-variant-ligatures: normal; font-variant-caps: normal; font-weight: 300; letter-spacing: normal; orphans: 2; text-align: start; text-indent: 0px; text-transform: none; widows: 2; word-spacing: 0px; -webkit-text-stroke-width: 0px; white-space: normal; background-color: rgb(255, 255, 255); text-decoration-thickness: initial; text-decoration-style: initial; text-decoration-color: initial; display: inline !important; float: none;\">Der Schutz Ihrer Privatsph\u00e4re ist uns ein wichtiges Anliegen. Die Betreiber dieser Seiten nehmen den Schutz Ihrer pers\u00f6nlichen Daten sehr ernst. Wir behandeln Ihre personenbezogenen Daten vertraulich und entsprechend der gesetzlichen Datenschutzvorschriften sowie dieser Datenschutzerkl\u00e4rung.<\/span><\/p>\n<p><a href=\"#consent-change\" id=\"rcb-sc-link-change\" data-success-message=\"\" class=\"rcb-sc-link rcb-sc-link-change \">Cookie-Einstellungen<\/a>\u00a0\u00a0\u00a0 |\u00a0\u00a0\u00a0 <a href=\"http:\/\/ft-ag.ch\/fenster-basel\/wp-content\/uploads\/2023\/08\/DATENSCHUTZ_FT.pdf\" target=\"_blank\" rel=\"noopener\">Impressum & Datenschutz<\/a><\/p>\n<p>\n<\/div><\/div>\r\n\t\t\t\t\t<\/div>\r\n\t\t\t\t\t<div class=\"clearfix\"><\/div><\/div><\/div><\/div><\/div><\/div><\/section><\/p>\n","protected":false},"excerpt":{"rendered":"","protected":false},"author":1,"featured_media":0,"parent":0,"menu_order":0,"comment_status":"closed","ping_status":"open","template":"","meta":{"footnotes":""},"class_list":["post-6","page","type-page","status-publish","hentry"],"_links":{"self":[{"href":"https:\/\/ft-ag.ch\/fenster-basel\/wp-json\/wp\/v2\/pages\/6","targetHints":{"allow":["GET"]}}],"collection":[{"href":"https:\/\/ft-ag.ch\/fenster-basel\/wp-json\/wp\/v2\/pages"}],"about":[{"href":"https:\/\/ft-ag.ch\/fenster-basel\/wp-json\/wp\/v2\/types\/page"}],"author":[{"embeddable":true,"href":"https:\/\/ft-ag.ch\/fenster-basel\/wp-json\/wp\/v2\/users\/1"}],"replies":[{"embeddable":true,"href":"https:\/\/ft-ag.ch\/fenster-basel\/wp-json\/wp\/v2\/comments?post=6"}],"version-history":[{"count":247,"href":"https:\/\/ft-ag.ch\/fenster-basel\/wp-json\/wp\/v2\/pages\/6\/revisions"}],"predecessor-version":[{"id":393,"href":"https:\/\/ft-ag.ch\/fenster-basel\/wp-json\/wp\/v2\/pages\/6\/revisions\/393"}],"wp:attachment":[{"href":"https:\/\/ft-ag.ch\/fenster-basel\/wp-json\/wp\/v2\/media?parent=6"}],"curies":[{"name":"wp","href":"https:\/\/api.w.org\/{rel}","templated":true}]}}